+ 2*x, -4*n + 28 = -4*x. Let p(y) = -u + n + 9 + 11 - 2*y. Give p(10).
-6
Let j(y) = 43 + 9*y - 2815*y**2 + 8*y + y + 2811*y**2. Give j(6).
7
Let d = -995 - -998. Suppose -d*z = 155 - 170. Let o(s) = s**3 - 7*s**2 + 10*s + 3. Calculate o(z).
3
Let p be (244/12 + -19)*(-3)/2. Let d(s) = -23*s - 1. What is d(p)?
45
Let o(x) = 3 - 2*x - 9 - x + 0*x + x**2. Let h(r) = 3*r + 6. Let v be h(-9). Let j = v - -26. Give o(j).
4
Let n(u) = -11*u**2 + 13*u + 3. Let w(i) = 69 + 64 + 4*i - 4*i**2 - 132. Let t(h) = -3*n(h) + 8*w(h). Let s be (30/(-25))/((-1)/5). Calculate t(s).
-7
Let m(p) = 3*p**2 - 269*p + 135*p + 6 + 140*p. Calculate m(-1).
3
Let k(j) be the third derivative of -j**5/60 - 7*j**4/24 - 11*j**3/6 + j**2. Let m be 4 + (54/21)/((-340)/1190). Determine k(m).
-1
Let k(a) = 3*a - 19 - 36 + 28. Let y be k(9). Suppose p = -5*d + 9*d, y = -5*d + p. Let z(w) = -w - 6. Give z(d).
-6
Let q(x) = -6*x + 22 + 5*x + 0*x. Let l be q(-8). Suppose -3*d - l = 3*d. Let n(h) = -h - 6. Calculate n(d).
-1
Let w(l) = -106*l**2 + 209*l**2 - 24 + 11 + 18*l - 102*l**2. Give w(-19).
6
Suppose 376*w + 778 = 410*w + 98. Let z(t) = t**3 - 17*t**2 - 58*t - 33. Give z(w).
7
Let v be (-2)/(-2 + 4)*-1. Suppose -v = 3*o - 13. Let n(z) = -z - 3*z**3 + 6*z**2 + 2 - 2*z**3 + o*z**3. Determine n(6).
-4
Let p(s) = -s**3 + 22*s**2 + 14*s**2 + 14*s**2 - 49*s**2 + 2*s + 1. Let o be 1/(-6) + 114/36. Suppose -2*m - 1 = -5*d, -6*d = o*m - 11*d - 1. Calculate p(m).
1
Let a(x) be the first derivative of -5*x**2 + 8*x - 108. Determine a(6).
-52
Let j(b) be the second derivative of 5*b**3/3 + 16*b**2 - 7*b - 110. Determine j(-4).
-8
Let b(u) = 794*u - 3966. Let q be b(5). Suppose -10 = -2*x - 0*x. Suppose q = -2*f, r + 4 = -r - x*f. Let c(t) = t**2 + 3*t + 3. Give c(r).
21
Let k = 3337 - 3334. Let j be (-42)/(-9) + (-4)/6. Suppose o + k*o + j*s + 12 = 0, 5*o = -s - 27. Let h(z) = -z**2 - 5*z + 1. Determine h(o).
-5
Let t(f) = -26*f. Let v(u) = -188*u - 7. Let i(h) = 21*t(h) - 3*v(h). Give i(-2).
-15
Let c(i) = -18*i + 16. Let p(b) = -7*b + 9. Let z(t) = -2*c(t) + 5*p(t). Let h(o) = -8*o**2. Let m be (-4)/(-22) - (-13)/(-11). Let x be h(m). Determine z(x).
5
Let p(c) = -32*c**3 + 3*c**2 + 2*c. Suppose -5*n - 3*m = -4, -22*m - 13 = 4*n - 25*m. Give p(n).
33
Let c = -6 - -9. Let b(j) be the third derivative of j**6/120 - j**5/15 + j**4/24 + j**3/2 + 17*j**2 + 26*j. Give b(c).
-3
Let k(i) = 7*i - 4. Let s be k(1). Let l(f) = f - 2 + f - 3*f**2 - s + 4*f. Let d(r) = -16*r**2 + 30*r - 26. Let j(p) = 2*d(p) - 11*l(p). Give j(5).
-2
Let o(a) be the third derivative of a**5/60 - a**4/12 - 2*a**3/3 + 2*a**2. Let w be (12/(-16) - (0 + 0))*-44. Suppose 57 - w = 8*s. Give o(s).
-1
Let f(g) be the second derivative of 0 - 42*g + 1/60*g**5 + 1/6*g**4 + 0*g**2 + 1/3*g**3. Let x(o) be the second derivative of f(o). Give x(-6).
-8
Let n(m) = 7*m - 21. Let h(g) = 2*g - 8. Let y(t) = 5*h(t) - n(t). Calculate y(5).
-4
Let z(p) = 6*p**2 - 78*p + 89. Let h(v) = -v**2 + 13*v - 18. Let b(j) = 11*h(j) + 2*z(j). What is b(14)?
-6
Let i(u) = 2*u**2 + 8*u. Let n = -42 - -41. Let j(z) = -z**2 - z + 1. Let x(b) = n*i(b) - 3*j(b). Determine x(6).
3
Suppose 14*x = 98 - 56. Let t(v) = -20019*v**2 + 24*v**3 + 2*v**x - v + 20018*v**2 - 1. Suppose i - 6*i - o = 1, 2*o - 8 = 0. What is t(i)?
-27
Let m(k) = 14*k - 35*k + 5 - 18 + 9*k + 10*k. Give m(-6).
-1
Suppose 2*s = -3*s + 30. Suppose 332*d - 328*d = 48. Suppose 9*g = d*g - s. Let f(p) = -2*p**3 + 2*p**2 + 2. Determine f(g).
-6
Suppose 0 = -j - 5*g - 33 + 43, 13 = 4*j - 7*g. Let h(m) = -m**3 + 2*m**2 - 2*m + 13. Determine h(j).
-72
Let x = 138 - 97. Let o = 42 - x. Let f(s) = 4*s + 9*s - 18*s + 4*s - s**2 + o. Determine f(0).
1
Let q be -9*(14/6 + -4). Suppose 0 = -z - 2*v - 5, -4*z - z - q = 5*v. Let r be (-2 - -2)/(z - 0). Let k(y) = -y**3 - y - 18. What is k(r)?
-18
Let g(m) be the first derivative of 5*m**2/2 - m - 6. Let j be 8 + ((-2)/(-1))/(-1). Calculate g(j).
29
Let l(a) be the first derivative of a**4/4 + 3*a**3 + 9*a**2/2 - 6*a - 1303. Determine l(-5).
49
Suppose -2*k - 14*k = -1008. Let t(u) = -k*u**2 - 5*u - 5 + 5*u**3 + 70*u**2 - 6*u**3. Suppose 3*p - 5 = 3*f + 4, 2*f - 4 = 0. Determine t(p).
20
Let y(b) = 40*b + 401. Let s(n) = -8*n - 79. Let c(h) = 11*s(h) + 2*y(h). Give c(-8).
-3
Let q(n) = -2*n**3 + 4*n - 3. Let u be 3/54*-142 - 4/36. Let l be (u/6)/((-40)/60). What is q(l)?
-11
Let a(g) be the second derivative of -g**4/12 - g**3/2 - 11*g**2/2 - 52*g - 15. What is a(6)?
-65
Let c(r) = 6*r**2 + 9*r - 3. Let k(x) = x**2 + x. Let w(a) = c(a) - 5*k(a). Suppose 129 = 11*l - 133 + 240. Calculate w(l).
9
Let r(o) = 6*o - 5. Let j(p) = -p**2 + 30*p + 174. Let s be j(35). Determine r(s).
-11
Let k(y) = 17*y - 139. Let w be k(8). Let b be w*(95/(-15) + 6). Let c(p) = 7*p**3 - p**2 + p. Calculate c(b).
7
Let y = -36 - -38. Suppose -y = -n - 0. Let x be 1 + (n + 4)/(-3). Let r(h) = -4*h**3 - 2*h**2 + 1. Calculate r(x).
3
Let q(c) = -232*c - 35 - 246*c - 251*c + 728*c. Determine q(-25).
-10
Let r be 7 + 1 + -2 - 4. Let c(d) = 2*d - 5*d + r + d**2 + 6*d. Let f(l) = l - 5. Let x be f(3). Give c(x).
0
Let j = -586 + 588. Let n(t) = 6*t + 5*t - 5*t - 7*t - 11 + j*t. Suppose 2*p + 0*p = 12. What is n(p)?
-5
Suppose 3*l + 27 = 3*h, -3*h = -8*l + 10*l - 7. Let y(r) = -h + 4*r + 0 + 1 + 2 - 1. Determine y(4).
13
Let h(w) = 8*w + 13. Let j be -27*(21/(-9) + 2). Let o(a) = 0 + 3 + j - 2*a + 9*a. Let q(n) = 4*h(n) - 5*o(n). What is q(-6)?
10
Suppose -16 = 3*o + o. Let s(j) = 2*j**2 + 6*j**2 - 592 + 4*j - 19*j**2 + 12*j**2 + 589. What is s(o)?
-3
Let b(p) = p**3 + p**2 - 2*p. Let n be b(-2). Let k(o) = 2*o + n + 2 - o. Let c = -175158 + 175151. Calculate k(c).
-5
Let k = 4309 + -4311. Let q(g) = -2*g**3 - 2*g**2 - 3*g - 1. Determine q(k).
13
Suppose -2*f - 8*a + 8 = -6*a, 0 = -f - 5*a. Let q(w) be the third derivative of 0*w - w**3 + 0 - 2*w**2 + 1/12*w**4. Determine q(f).
4
Let x(i) = -11 + 3 + 3 + 4. Let h(g) = -g - 1. Let l(r) = h(r) + 6*x(r). What is l(0)?
-7
Suppose 3*a + 50 + 43 = 0. Let q = 24 + a. Let k(p) = 3*p - 4*p - 4 + 0. Calculate k(q).
3
Let i(b) = 2*b - 12. Let z be 12 - (11 + -12 + 9). What is i(z)?
-4
Let p(u) = u**3 + 8*u**2 - 32*u + 16. Let s = 2027 + -2038. Determine p(s).
5
Let u(g) = -7*g + 29. Let w(n) = -4 + 12 + 13*n - 65. Let t(a) = -11*u(a) - 6*w(a). Let x = 154602 + -154602. What is t(x)?
23
Let q(u) be the third derivative of 13*u**4/12 - 19*u**3/6 + 20*u**2 - 10*u. What is q(1)?
7
Suppose -24 = 13*o - 102. Let l(y) = -o*y**2 - 71*y + y**3 - 63*y + 138*y - 2. Calculate l(2).
-10
Let g(q) = 237*q**2 - 55*q - 111*q**2 - 12 - 120*q**2 - 13*q**2. Give g(-8).
-20
Let s(q) be the first derivative of 3*q**2/2 - 26*q - 5769. What is s(16)?
22
Let j(x) be the second derivative of -5/4*x**4 + 0 - 73*x + 1/6*x**3 + 1/20*x**5 - 4*x**2. Give j(15).
7
Suppose 5*t - 4*u - 30 = 1, 5*t + u = 36. Let y be 2/(-3)*(t - 10). Let m(a) = a - 3. Determine m(y).
-1
Let i = 880 - 810. Let q(w) = -71*w + i*w - 45 + 49. Give q(-3).
7
Let l(u) = -105*u + 753. Let n(y) = -15*y + 108. Let s(m) = 4*l(m) - 27*n(m). Calculate s(6).
6
Let m(q) = q**3 + 4*q**2 - 7*q - 1. Let b be 459/561 - (4/(-22) + 0). Let l be (b*-1)/(16/80). Calculate m(l).
9
Let b(l) = -3*l - 7. Suppose -14*t = 2*w - 12*t + 48, -4*w = t + 111. Let v = 22 + w. What is b(v)?
14
Suppose 18*y - 13*y = 5*o - 30, -5*y = 4*o - 15. Let z(m) = -2*m**2 + 12*m + 14. Let f(t) = -3*t**2 + t + 1. Let g(q) = y*z(q) + f(q). Calculate g(-9).
5
Let u(b) be the first derivative of -b**3/3 - 5*b**2/2 + 8*b - 95. Let r = 727 - 725. Give u(r).
-6
Suppose 2*m = -221 + 219. Let k(i) = -i**2 + 2*i + 3. Let d(x) = -8*x**2 + 14*x + 13. Let t(o) = m*d(o) + 5*k(o). Calculate t(2).
6
Let z(u) = -u**3 + u**2 + 1. Let p(n) be the first derivative of -3*n**4/4 + n**3/3 - n**2/2 + n - 42. Let d(i) = -p(i) + 4*z(i). Calculate d(4).
-9
Let f(p) = p**2 - 2*p - 6. Suppose 97 = -4*d + 4*t + 557, 4*d - 465 = 3*t. Let j be 8/5 + -2 + (-432)/d. Give f(j).
18
Let s(p) = 18*p - 5*p - 12*p - 493*p**2 - 33 + 985*p**2 - 497*p**2 + p**3. Determine s(6).
9
Let h(j) = -6*j**2 - 11*j**3 + 6*j**3 + 7*j + 2*j**3 - 4*j**2 + 4*j**3 + 13. Suppose -f + 3*i - i - 1 = 0, 4*f - 3*i - 21 = 0. Determine h(f).
-5
Let s(z) be the second derivative of z**3/3 + 3*z**2/2 - 2*z